{"id":1647,"date":"2021-05-26T09:20:46","date_gmt":"2021-05-26T07:20:46","guid":{"rendered":"https:\/\/sindicatura.viladecans.cat\/informes-documents\/informe-2020\/"},"modified":"2021-06-04T11:15:58","modified_gmt":"2021-06-04T09:15:58","slug":"informe-anual-2020","status":"publish","type":"portfolio","link":"https:\/\/sindicatura.viladecans.cat\/es\/informes-documents\/informe-anual-2020\/","title":{"rendered":"Informe anual 2020"},"content":{"rendered":"<p>Se hace p\u00fablico el catorceavo informe anual que corresponde que corresponde al a\u00f1o 2020. Incluye la actividad llevada a cabo durante el a\u00f1o desde la Sindicatura, recoge las atenciones realizadas, diferenciadas en consultas y quejas. Tambien incluye expedientes de los a\u00f1os anteriores que se han hecho gestiones durante el a\u00f1o.<\/p>\n","protected":false},"excerpt":{"rendered":"<p>Se hace p\u00fablico el catorceavo informe anual que corresponde que corresponde al a\u00f1o 2020. Incluye la actividad llevada a cabo durante el a\u00f1o desde la Sindicatura, recoge las atenciones realizadas, diferenciadas en consultas y quejas. Tambien incluye expedientes de los a\u00f1os anteriores que se han hecho gestiones durante el a\u00f1o.<\/p>\n","protected":false},"author":2,"featured_media":1629,"comment_status":"open","ping_status":"closed","template":"","meta":{"_acf_changed":false,"_monsterinsights_skip_tracking":false,"_monsterinsights_sitenote_active":false,"_monsterinsights_sitenote_note":"","_monsterinsights_sitenote_category":0,"footnotes":""},"portfolio_category":[14],"portfolio_tag":[],"class_list":["post-1647","portfolio","type-portfolio","status-publish","has-post-thumbnail","hentry","portfolio_category-informes-es"],"acf":[],"publishpress_future_action":{"enabled":false,"date":"2026-05-07 07:48:52","action":"change-status","newStatus":"draft","terms":[],"taxonomy":"portfolio_category"},"publishpress_future_workflow_manual_trigger":{"enabledWorkflows":[]},"_links":{"self":[{"href":"https:\/\/sindicatura.viladecans.cat\/es\/wp-json\/wp\/v2\/portfolio\/1647","targetHints":{"allow":["GET"]}}],"collection":[{"href":"https:\/\/sindicatura.viladecans.cat\/es\/wp-json\/wp\/v2\/portfolio"}],"about":[{"href":"https:\/\/sindicatura.viladecans.cat\/es\/wp-json\/wp\/v2\/types\/portfolio"}],"author":[{"embeddable":true,"href":"https:\/\/sindicatura.viladecans.cat\/es\/wp-json\/wp\/v2\/users\/2"}],"replies":[{"embeddable":true,"href":"https:\/\/sindicatura.viladecans.cat\/es\/wp-json\/wp\/v2\/comments?post=1647"}],"version-history":[{"count":6,"href":"https:\/\/sindicatura.viladecans.cat\/es\/wp-json\/wp\/v2\/portfolio\/1647\/revisions"}],"predecessor-version":[{"id":1719,"href":"https:\/\/sindicatura.viladecans.cat\/es\/wp-json\/wp\/v2\/portfolio\/1647\/revisions\/1719"}],"wp:featuredmedia":[{"embeddable":true,"href":"https:\/\/sindicatura.viladecans.cat\/es\/wp-json\/wp\/v2\/media\/1629"}],"wp:attachment":[{"href":"https:\/\/sindicatura.viladecans.cat\/es\/wp-json\/wp\/v2\/media?parent=1647"}],"wp:term":[{"taxonomy":"portfolio_category","embeddable":true,"href":"https:\/\/sindicatura.viladecans.cat\/es\/wp-json\/wp\/v2\/portfolio_category?post=1647"},{"taxonomy":"portfolio_tag","embeddable":true,"href":"https:\/\/sindicatura.viladecans.cat\/es\/wp-json\/wp\/v2\/portfolio_tag?post=1647"}],"curies":[{"name":"wp","href":"https:\/\/api.w.org\/{rel}","templated":true}]}}

<p>Se hace público el catorceavo informe anual que corresponde que corresponde al año 2020. Incluye la actividad llevada a cabo durante el año desde la Sindicatura, recoge las atenciones realizadas, diferenciadas en consultas y quejas. Tambien incluye expedientes de los años anteriores que se han hecho gestiones durante el año.</p>
