{"id":1829,"date":"2023-04-26T11:28:50","date_gmt":"2023-04-26T09:28:50","guid":{"rendered":"https:\/\/sindicatura.viladecans.cat\/informes-documents\/informe-anual-2021\/"},"modified":"2023-04-28T12:12:37","modified_gmt":"2023-04-28T10:12:37","slug":"informe-anual-2021","status":"publish","type":"portfolio","link":"https:\/\/sindicatura.viladecans.cat\/es\/informes-documents\/informe-anual-2021\/","title":{"rendered":"Informe anual 2021"},"content":{"rendered":"<p>Se hace p\u00fablico el quinceavo informe anual que corresponde que corresponde al a\u00f1o 2021. Incluye la actividad llevada a cabo durante el a\u00f1o desde la Sindicatura, recoge las atenciones realizadas, diferenciadas en consultas y quejas. Tambi\u00e9n incluye expedientes de los a\u00f1os anteriores que se han hecho gestiones durante el a\u00f1o<\/p>\n","protected":false},"excerpt":{"rendered":"<p>Se hace p\u00fablico el quinceavo informe anual que corresponde que corresponde al a\u00f1o 2021. Incluye la actividad llevada a cabo durante el a\u00f1o desde la Sindicatura, recoge las atenciones realizadas, diferenciadas en consultas y quejas. Tambi\u00e9n incluye expedientes de los a\u00f1os anteriores que se han hecho gestiones durante el a\u00f1o<\/p>\n","protected":false},"author":2,"featured_media":1808,"comment_status":"closed","ping_status":"closed","template":"","meta":{"_acf_changed":false,"_monsterinsights_skip_tracking":false,"_monsterinsights_sitenote_active":false,"_monsterinsights_sitenote_note":"","_monsterinsights_sitenote_category":0,"footnotes":""},"portfolio_category":[14],"portfolio_tag":[],"class_list":["post-1829","portfolio","type-portfolio","status-publish","has-post-thumbnail","hentry","portfolio_category-informes-es"],"acf":[],"publishpress_future_action":{"enabled":false,"date":"2026-05-07 06:47:10","action":"change-status","newStatus":"draft","terms":[],"taxonomy":"portfolio_category"},"publishpress_future_workflow_manual_trigger":{"enabledWorkflows":[]},"_links":{"self":[{"href":"https:\/\/sindicatura.viladecans.cat\/es\/wp-json\/wp\/v2\/portfolio\/1829","targetHints":{"allow":["GET"]}}],"collection":[{"href":"https:\/\/sindicatura.viladecans.cat\/es\/wp-json\/wp\/v2\/portfolio"}],"about":[{"href":"https:\/\/sindicatura.viladecans.cat\/es\/wp-json\/wp\/v2\/types\/portfolio"}],"author":[{"embeddable":true,"href":"https:\/\/sindicatura.viladecans.cat\/es\/wp-json\/wp\/v2\/users\/2"}],"replies":[{"embeddable":true,"href":"https:\/\/sindicatura.viladecans.cat\/es\/wp-json\/wp\/v2\/comments?post=1829"}],"version-history":[{"count":1,"href":"https:\/\/sindicatura.viladecans.cat\/es\/wp-json\/wp\/v2\/portfolio\/1829\/revisions"}],"predecessor-version":[{"id":1873,"href":"https:\/\/sindicatura.viladecans.cat\/es\/wp-json\/wp\/v2\/portfolio\/1829\/revisions\/1873"}],"wp:featuredmedia":[{"embeddable":true,"href":"https:\/\/sindicatura.viladecans.cat\/es\/wp-json\/wp\/v2\/media\/1808"}],"wp:attachment":[{"href":"https:\/\/sindicatura.viladecans.cat\/es\/wp-json\/wp\/v2\/media?parent=1829"}],"wp:term":[{"taxonomy":"portfolio_category","embeddable":true,"href":"https:\/\/sindicatura.viladecans.cat\/es\/wp-json\/wp\/v2\/portfolio_category?post=1829"},{"taxonomy":"portfolio_tag","embeddable":true,"href":"https:\/\/sindicatura.viladecans.cat\/es\/wp-json\/wp\/v2\/portfolio_tag?post=1829"}],"curies":[{"name":"wp","href":"https:\/\/api.w.org\/{rel}","templated":true}]}}

<p>Se hace público el quinceavo informe anual que corresponde que corresponde al año 2021. Incluye la actividad llevada a cabo durante el año desde la Sindicatura, recoge las atenciones realizadas, diferenciadas en consultas y quejas. También incluye expedientes de los años anteriores que se han hecho gestiones durante el año</p>
