{"id":258,"date":"2018-07-20T11:12:53","date_gmt":"2018-07-20T09:12:53","guid":{"rendered":"http:\/\/sindic.cviladecans.cat\/informes-documents\/informe-anual-2014\/"},"modified":"2018-07-20T11:25:46","modified_gmt":"2018-07-20T09:25:46","slug":"informe-anual-2014","status":"publish","type":"portfolio","link":"https:\/\/sindicatura.viladecans.cat\/es\/informes-documents\/informe-anual-2014\/","title":{"rendered":"Informe anual 2014"},"content":{"rendered":"<p>En el Pleno Municipal del 30 de abril de 2015 se presenta el octavo informe que corresponde al a\u00f1o 2014. Incluye la actividad llevada a cabo durante el a\u00f1o desde la Sindicatura, recoge las atenciones realizadas, diferenciadas en consultas y quejas.<br \/>\nTambi\u00e9n incluye expedientes de a\u00f1os anteriores que se han hecho gestiones durante el a\u00f1o.<\/p>\n","protected":false},"excerpt":{"rendered":"<p>En el Pleno Municipal del 30 de abril de 2015 se presenta el octavo informe que corresponde al a\u00f1o 2014. Incluye la actividad llevada a cabo durante el a\u00f1o desde la Sindicatura, recoge las atenciones realizadas, diferenciadas en consultas y quejas. Tambi\u00e9n incluye expedientes de a\u00f1os anteriores que se han hecho gestiones durante el a\u00f1o.<\/p>\n","protected":false},"author":1,"featured_media":259,"comment_status":"open","ping_status":"closed","template":"","meta":{"_acf_changed":false,"_monsterinsights_skip_tracking":false,"_monsterinsights_sitenote_active":false,"_monsterinsights_sitenote_note":"","_monsterinsights_sitenote_category":0,"footnotes":""},"portfolio_category":[14],"portfolio_tag":[],"class_list":["post-258","portfolio","type-portfolio","status-publish","has-post-thumbnail","hentry","portfolio_category-informes-es"],"acf":[],"publishpress_future_action":{"enabled":false,"date":"2026-05-07 09:39:05","action":"change-status","newStatus":"draft","terms":[],"taxonomy":"portfolio_category"},"publishpress_future_workflow_manual_trigger":{"enabledWorkflows":[]},"_links":{"self":[{"href":"https:\/\/sindicatura.viladecans.cat\/es\/wp-json\/wp\/v2\/portfolio\/258","targetHints":{"allow":["GET"]}}],"collection":[{"href":"https:\/\/sindicatura.viladecans.cat\/es\/wp-json\/wp\/v2\/portfolio"}],"about":[{"href":"https:\/\/sindicatura.viladecans.cat\/es\/wp-json\/wp\/v2\/types\/portfolio"}],"author":[{"embeddable":true,"href":"https:\/\/sindicatura.viladecans.cat\/es\/wp-json\/wp\/v2\/users\/1"}],"replies":[{"embeddable":true,"href":"https:\/\/sindicatura.viladecans.cat\/es\/wp-json\/wp\/v2\/comments?post=258"}],"version-history":[{"count":2,"href":"https:\/\/sindicatura.viladecans.cat\/es\/wp-json\/wp\/v2\/portfolio\/258\/revisions"}],"predecessor-version":[{"id":271,"href":"https:\/\/sindicatura.viladecans.cat\/es\/wp-json\/wp\/v2\/portfolio\/258\/revisions\/271"}],"wp:featuredmedia":[{"embeddable":true,"href":"https:\/\/sindicatura.viladecans.cat\/es\/wp-json\/wp\/v2\/media\/259"}],"wp:attachment":[{"href":"https:\/\/sindicatura.viladecans.cat\/es\/wp-json\/wp\/v2\/media?parent=258"}],"wp:term":[{"taxonomy":"portfolio_category","embeddable":true,"href":"https:\/\/sindicatura.viladecans.cat\/es\/wp-json\/wp\/v2\/portfolio_category?post=258"},{"taxonomy":"portfolio_tag","embeddable":true,"href":"https:\/\/sindicatura.viladecans.cat\/es\/wp-json\/wp\/v2\/portfolio_tag?post=258"}],"curies":[{"name":"wp","href":"https:\/\/api.w.org\/{rel}","templated":true}]}}

<p>En el Pleno Municipal del 30 de abril de 2015 se presenta el octavo informe que corresponde al año 2014. Incluye la actividad llevada a cabo durante el año desde la Sindicatura, recoge las atenciones realizadas, diferenciadas en consultas y quejas.<br />
También incluye expedientes de años anteriores que se han hecho gestiones durante el año.</p>

<p>En el Pleno Municipal del 30 de abril de 2015 se presenta el octavo informe que corresponde al año 2014. Incluye la actividad llevada a cabo durante el año desde la Sindicatura, recoge las atenciones realizadas, diferenciadas en consultas y quejas. También incluye expedientes de años anteriores que se han hecho gestiones durante el año.</p>
